 w + -300. Suppose -7*r + z + 78 = 0. What is the tens digit of r?
3
Suppose -3*t + 3*i = 8*i + 22, 0 = -4*t - 4*i - 40. Let j(g) = 4*g**2 + 29*g + 116. What is the units digit of j(t)?
4
Let x = 180 + -176. Suppose x*p = 7*p - 99. What is the units digit of p?
3
Suppose -8 = 2*i, 4*f - 6*i + 2*i = 32. Let o be ((-44)/8 + f)*4. What is the units digit of (0 + 1)/(4/(-2880)*o)?
0
Let q(g) = 7 + 22*g + 8 - 2 - 379*g. Let p(a) = 179*a - 7. Let j(t) = 7*p(t) + 4*q(t). What is the units digit of j(-1)?
8
Suppose -14*m = -19*m - k + 51662, 6*m - k = 61990. What is the thousands digit of m?
0
Let v = -86 + 92. Suppose -v = 7*g - 10*g. Suppose 287 = g*c + 109. What is the tens digit of c?
8
Let a(f) be the third derivative of 7*f**5/30 - 13*f**3/3 - 2*f**2 - 7. What is the tens digit of a(5)?
2
Suppose 4*c + 2*i = 44730, 2*c + 2*c = -4*i + 44732. What is the hundreds digit of c?
1
Suppose 0 = -15*x + 12*x - 4*r + 9049, 0 = -x + 5*r + 3048. Suppose c = i + 4*i + 1503, 2*c = -7*i + x. What is the units digit of c?
8
Let u(n) = n**3 + 22*n**2 - 81*n - 42. Let k be u(-25). Suppose k*i = 102*i + 3438. What is the tens digit of i?
7
Suppose z + 5 = -4*y + 2*y, z = -y. What is the units digit of z - 12*26/(-4)?
3
Suppose -4*x = 5*y - 15, -x + 4*x - 12 = -4*y. Suppose -24*w - 5*w + 6728 = x. What is the hundreds digit of w?
2
Let p = -41 + 131. Let s = p + 477. Let f = -337 + s. What is the units digit of f?
0
What is the hundreds digit of (-4)/(-220)*260447 + (-3)/((-15)/(-2))?
7
Let o = 1984 + -2897. Let s = o - -2216. What is the thousands digit of s?
1
Suppose 3*m + 9 = 4*d - 5*d, 18 = 2*d - 3*m. Suppose 2*z + 5*j - 336 = 0, -z - 3*j = d*z - 700. Let t = 266 - z. What is the tens digit of t?
8
Let d = -13714 - -19206. What is the thousands digit of d?
5
Let h be (-16)/(-4) - 0 - (2 - 9). Suppose -4*v + h + 9 = 0. Suppose 2*t = t + v*c + 163, -417 = -3*t - 3*c. What is the tens digit of t?
4
Suppose 121*a + 106*a - 2858796 - 1357275 = 0. What is the ten thousands digit of a?
1
Let u = 10750 + -5565. What is the hundreds digit of u?
1
Let z(b) be the second derivative of -31*b**3/3 - 25*b**2/2 + 52*b. What is the tens digit of z(-6)?
4
Suppose 4431 + 202179 = 142*q. What is the thousands digit of q?
1
Let t(x) = -x**2 - 5*x - 4. Let s be t(-2). Suppose -5*k = -s*f + 798, 3*f - 1477 + 280 = -2*k. What is the units digit of f?
9
Let i(v) = -v**2 - 23*v + 1. Suppose 3*f - 135 = -3*m - m, 0 = -4*f - 2*m + 170. Suppose 2*u - f + 8 = 5*s, 0 = 2*u + 2. What is the hundreds digit of i(s)?
1
Let k = -6708 - -16557. What is the hundreds digit of k?
8
Let n = 40201 - 22714. What is the ten thousands digit of n?
1
Suppose 160*g = 6501943 - 1380503. What is the ten thousands digit of g?
3
Suppose 4*x + 4*a = -536, 6*a - 673 = 5*x + 10*a. Let f = 157 + x. What is the units digit of f?
0
Suppose 3*o + 25 = g, -o - g - 6 = 1. Let z(j) = 2*j**2 + 9*j - 8. What is the tens digit of z(o)?
4
Suppose 2*n + 17*a - 21*a - 92210 = 0, 0 = 6*a + 18. What is the hundreds digit of n?
0
Let d = 14477 + -47815. What is the units digit of ((-1)/(-3))/(d/(-5556) - 6)?
6
What is the hundreds digit of (-16)/18*-778*9?
2
Let g(t) = t**3 + 4*t**2 - 24*t - 6. Let v be g(-7). Suppose 20*a = v*a + 10. Suppose 0 = -a*q + 5*n + 108, -6*q = -q + n - 270. What is the tens digit of q?
5
Let z = -1691 + 6131. What is the hundreds digit of z?
4
Suppose 0 = 497*q - 504*q. Suppose -4*h + u + 1881 = 0, 4*h + 4*u - 245 - 1651 = q. What is the hundreds digit of h?
4
Let l(z) = 4*z**3 - 13*z**2 - 2*z - 8. Let p(w) = w**2 - 1. Let y(t) = l(t) + 5*p(t). What is the tens digit of y(4)?
0
Let t(k) = k**3 - 33*k**2 - 87*k - 49. Let r be t(36). Let q = -140 + r. What is the hundreds digit of q?
5
Let h = 89 - 20. Let y = -114 + h. What is the tens digit of (3 + 0)/((-3)/y)?
4
Let d = 899 - 678. Let m = d - -480. What is the units digit of m?
1
Suppose 0 = -30*o + 53*o - 950268. What is the tens digit of o?
1
Let v(w) be the third derivative of w**6/40 - w**5/15 + w**4/24 + 17*w**3/6 + 108*w**2 + 2*w. What is the tens digit of v(9)?
8
Suppose -3*h + 56 = 5. Suppose 0 = -2*k + 3 + h. Suppose c + c - k = 0. What is the units digit of c?
5
Suppose 4*m - 76 = -3*s, -s + m - 59 = -3*s. Let d be 1093/4 - 8/s. Suppose 0 = -4*p + 16, -5*p + 67 = 5*k - d. What is the units digit of k?
4
Suppose -3*v + 4*j = -21990, -14*j + 7332 = v - 15*j. What is the thousands digit of v?
7
What is the tens digit of (-134)/(-67)*(2 + 10709/2)?
1
Suppose 13 = 4*w - 19. Let z(j) = j**3 - 7*j**2 + 14. Let q be z(7). Suppose -q*x + w = -12*x. What is the units digit of x?
4
Suppose 0 = -q + 24 - 21. Suppose -q*u - 3 + 3 = 0. Suppose 0 = 4*n + 2*m + 3*m - 233, -n - 5*m + 62 = u. What is the units digit of n?
7
Let t be 2/(-9) + (-3370)/(-18). Suppose -s + t = -227. What is the units digit of s?
4
Let n(t) = 7386*t**2 - 5*t + 5. What is the thousands digit of n(1)?
7
Let c = -126001 + 177567. What is the ten thousands digit of c?
5
Suppose 0 = 4*h - 27 - 9. Let r(d) = 28*d - h - 1 - 5. What is the tens digit of r(4)?
9
Suppose 0 = -34*m + 1658868 - 584672. What is the tens digit of m?
9
Let b(w) = 2*w**3 - 13*w**2 + 4*w + 14. Let m be b(6). What is the units digit of 328*(m - (0 - (-3)/2))?
4
Let h(m) = -2*m**3 + 123*m**2 + 148*m - 291. What is the thousands digit of h(59)?
5
Suppose z = -5*u + 4*z - 25, u + z = -5. Let n(o) be the second derivative of 5*o**4/12 - 17*o**2/2 + 44*o - 2. What is the units digit of n(u)?
8
Suppose 2*z - 4*x = 538, -x - 6 = -3*x. Let n = 448 + z. Suppose 2*w = 5*u - 0*u - 894, n = 4*u + w. What is the tens digit of u?
8
Let v(d) = -161*d - 2830. What is the tens digit of v(-22)?
1
Let l be (-1207)/(-4) - (114/24 + -5). Suppose -s - l = 5*u, -3*u - u - 234 = -3*s. What is the hundreds digit of (u/48)/((-2)/232)?
1
Suppose -2*a = -167 + 37. Let p = 171 - a. What is the hundreds digit of p?
1
Let v be -4*(-4)/((-24)/(-918)). Suppose 2*n = -t + 6*t + v, 4*t = -3*n + 941. What is the tens digit of n?
1
Let f(i) = -i**3 - 116*i**2 + 515*i + 1495. What is the hundreds digit of f(-121)?
3
Let h(g) be the second derivative of 74*g**3/3 - 26*g. Let i be h(5). Suppose 3*m + 3*d - 367 = 65, -d + i = 5*m. What is the hundreds digit of m?
1
Let d = 129 + -127. Suppose d*z = -z + 1227. What is the hundreds digit of z?
4
Let v = 0 + -33. Let w = -30 - v. Suppose 5*k - z - 304 = 0, -5*z - 117 = -w*k + k. What is the units digit of k?
1
Let w be (-8)/6 - 300834/(-1458). Suppose 4*g = -271 - 89. Let p = g + w. What is the units digit of p?
5
Let b = -24 + 6094. What is the units digit of b?
0
Suppose 2*s + 710 = 4*o, -7*s + 3*s = -5*o + 1426. Let w = 136 + s. Let y = -64 - w. What is the hundreds digit of y?
1
Suppose -3*s - 14 = 25. Let t(m) = -15*m - 14. Let k(r) = r**2 - 29*r - 28. Let y(o) = 2*k(o) - 5*t(o). What is the hundreds digit of y(s)?
1
Let i(m) = 24*m**2 - 9*m - 7. Let c be i(-17). Suppose 3*r + 2276 = 2*d - 1263, 4*d - c = 2*r. What is the units digit of d?
1
Let y(p) = p**3 + 6*p**2 + 20*p - 5. Let f be y(7). Let d = f + -433. What is the tens digit of d?
3
Suppose 4*m - 42 = 46. Suppose 5*d - 16*d = -m. What is the units digit of d/(-3) + ((-466)/6)/(-1)?
7
Let v = 5040 + -3674. What is the thousands digit of v?
1
Suppose 50 = -4*s + 10. Let k(y) = 2079*y + y**2 - 2064*y + y**2 + 16. What is the units digit of k(s)?
6
Let s(c) = -c**2 + 10*c + 35. Suppose 2*f + 5*t = -51, -5*f + 3*t = -f + 37. Let r be s(f). Let v = r - -458. What is the tens digit of v?
9
Let m be ((-30)/(-4))/(-1)*36/(-45). Let c be ((-7)/(-21))/(1/m). What is the units digit of c/3*(-618)/(-4)?
3
Suppose 224*n - 4464482 = 47*n + 1420945. What is the tens digit of n?
5
What is the thousands digit of 20 - (-546645)/((-33)/(-3))?
9
Let a(p) = 5770*p + 4251. What is the thousands digit of a(2)?
5
Let m(v) = v**2 - 2*v - 6. Let j be m(4). Let u be (-4)/(-8) - (1 - j/(-4)). What is the tens digit of -1 + u + 1 + 105?
0
Let j = -25 + 26. Let k = -1 + j. What is the tens digit of k/(-2) - (-45 - -3)?
4
Let g(x) = 25*x - 104. Let l(c) = -38*c + 156. Let f(i) = -8*g(i) - 5*l(i). What is the units digit of f(-18)?
2
Let j(p) be the second derivative of -20*p + 1/12*p**4 - 2/3*p**3 + 0 - 6*p**2. What is the units digit of j(-8)?
4
Let g(z) = 1047*z**2 - 1